s of 44590815?
3, 5, 19, 52153
List the prime factors of 1198212389.
11, 67, 101, 16097
List the prime factors of 930172460.
2, 5, 7, 137, 48497
List the prime factors of 17592170.
2, 5, 137, 12841
What are the prime factors of 390673386?
2, 3, 21704077
List the prime factors of 38911785.
3, 5, 11, 1949
List the prime factors of 597599136.
2, 3, 37, 56081
What are the prime factors of 5852734707?
3, 41, 47583209
What are the prime factors of 2539470031?
7, 883, 58693
List the prime factors of 102698251.
29, 3541319
What are the prime factors of 647387670?
2, 3, 5, 23, 938243
What are the prime factors of 9131936560?
2, 5, 19, 23, 41, 277
List the prime factors of 22280377.
7, 3182911
What are the prime factors of 3809711?
3809711
List the prime factors of 841071842.
2, 13, 32348917
What are the prime factors of 62828430?
2, 3, 5, 7, 17, 17599
List the prime factors of 73945409.
661, 111869
What are the prime factors of 220662020?
2, 5, 11033101
What are the prime factors of 6603832991?
7, 29, 4253, 7649
List the prime factors of 319838161.
23, 604609
What are the prime factors of 385451006?
2, 29, 617, 10771
List the prime factors of 821280389.
23, 41, 101, 8623
What are the prime factors of 1176057543?
3, 37, 853, 12421
List the prime factors of 129827606.
2, 17, 29, 131671
What are the prime factors of 114710158?
2, 673, 85223
What are the prime factors of 34398383?
1019, 33757
List the prime factors of 448372132.
2, 13, 29, 73, 4073
What are the prime factors of 67252754?
2, 37, 908821
What are the prime factors of 331235216?
2, 13, 29, 89, 617
What are the prime factors of 7847131044?
2, 3, 2609, 250643
What are the prime factors of 11138676?
2, 3, 928223
What are the prime factors of 3093624193?
11, 13591, 20693
What are the prime factors of 23488952?
2, 163, 18013
List the prime factors of 706331926.
2, 353165963
What are the prime factors of 4675960?
2, 5, 29, 139
List the prime factors of 436103324.
2, 107, 307, 3319
List the prime factors of 139767971.
7, 19, 1050887
List the prime factors of 214324874.
2, 107162437
List the prime factors of 10127005.
5, 7, 289343
What are the prime factors of 438062513?
7, 47, 1331497
What are the prime factors of 75329131?
75329131
List the prime factors of 254816943.
3, 84938981
List the prime factors of 607768993.
13, 37, 67, 18859
What are the prime factors of 1090232539?
11, 47, 2108767
List the prime factors of 55821580.
2, 5, 127, 21977
What are the prime factors of 112270978?
2, 977, 57457
List the prime factors of 200787370.
2, 5, 7, 1553, 1847
List the prime factors of 250407007.
250407007
What are the prime factors of 41822977?
7, 5974711
List the prime factors of 55514219.
19, 103, 1493
List the prime factors of 298592642.
2, 29, 229, 22481
What are the prime factors of 268066864?
2, 13, 1288783
What are the prime factors of 82968517?
17, 293, 16657
List the prime factors of 461541206.
2, 7, 29, 31, 36671
What are the prime factors of 165918846?
2, 3, 27653141
What are the prime factors of 138098028?
2, 3, 373, 30853
What are the prime factors of 2163189897?
3, 11, 149, 146647
List the prime factors of 90406906.
2, 45203453
List the prime factors of 703119016.
2, 19, 23, 201121
List the prime factors of 29945626.
2, 179, 233, 359
List the prime factors of 5578409543.
7, 229, 1193, 2917
List the prime factors of 7817460.
2, 3, 5, 7, 2659
List the prime factors of 1292382618.
2, 3, 215397103
List the prime factors of 72834561.
3, 43, 53, 67
List the prime factors of 150102497.
150102497
What are the prime factors of 65660652?
2, 3, 419, 1451
List the prime factors of 29404368.
2, 3, 7, 31, 941
What are the prime factors of 50747890?
2, 5, 17, 23, 12979
List the prime factors of 46492067.
46492067
List the prime factors of 792099798.
2, 3, 7, 2694217
List the prime factors of 59179572.
2, 3, 182653
What are the prime factors of 585394413?
3, 23, 8483977
What are the prime factors of 848572316?
2, 2749, 77171
List the prime factors of 16642336.
2, 520073
List the prime factors of 82124254.
2, 167, 245881
What are the prime factors of 1725010937?
13, 103, 457, 2819
What are the prime factors of 190863225?
3, 5, 7, 179, 677
List the prime factors of 196331490.
2, 3, 5, 2181461
List the prime factors of 383254531.
11, 3593, 9697
What are the prime factors of 267995542?
2, 311, 430861
What are the prime factors of 75333272?
2, 7, 71, 18947
What are the prime factors of 3607064071?
13, 277466467
List the prime factors of 12900016.
2, 89, 9059
What are the prime factors of 882423034?
2, 441211517
List the prime factors of 2971719.
3, 17, 19423
What are the prime factors of 46330390?
2, 5, 4633039
What are the prime factors of 35665244?
2, 29, 41, 7499
What are the prime factors of 44468569?
19, 2340451
List the prime factors of 21409261.
2251, 9511
List the prime factors of 30350802.
2, 3, 5058467
List the prime factors of 83929069.
7, 593, 20219
What are the prime factors of 247379870?
2, 5, 2437, 10151
What are the prime factors of 16686113?
16686113
What are the prime factors of 25061341?
349, 71809
List the prime factors of 290638608.
2, 3, 13, 233, 1999
What are the prime factors of 308014995?
3, 5, 2393, 8581
List the prime factors of 360138137.
41, 8783857
What are the prime factors of 234056083?
234056083
What are the prime factors of 74708412?
2, 3, 6225701
What are the prime factors of 37748417?
7, 257, 20983
What are the prime factors of 344625261?
3, 23, 4994569
What are the prime factors of 24544788?
2, 3, 29, 251, 281
List the prime factors of 138978706.
2, 17, 109, 37501
What are the prime factors of 471821910?
2, 3, 5, 7, 17, 149, 887
List the prime factors of 54039219.
3, 13, 1385621
List the prime factors of 2585378191.
11, 107, 2196583
List the prime factors of 1289016940.
2, 5, 29, 2222443
List the prime factors of 3346841164.
2, 29, 28852079
List the prime factors of 1281661788.
2, 3, 11, 9709559
List the prime factors of 1245364239.
3, 7, 101, 223, 2633
List the prime factors of 165596453.
11, 15054223
List the prime factors of 108768101.
13, 8366777
What are the prime factors of 17055878?
2, 7, 1218277
What are the prime factors of 70720009?
23, 29, 229, 463
List the prime factors of 162544835.
5, 32508967
What are the prime factors of 49994775?
3, 5, 222199
What are the prime factors of 326072272?
2, 2213, 9209
List the prime factors of 1732136422.
2, 866068211
What are the prime factors of 90687304?
2, 19, 251, 2377
What are the prime factors of 413122295?
5, 82624459
List the prime factors of 1694216237.
7, 3541, 68351
What are the prime factors of 68007410?
2, 5, 167, 193, 211
What are the prime factors of 1207155903?
3, 31, 457, 28403
What are the prime factors of 909786320?
2, 5, 11372329
What are the prime factors of 4502236880?
2, 5, 317, 177533
List the prime factors of 37766054.
2, 3943, 4789
What are the prime factors of 148402679?
148402679
What are the prime factors of 2247498545?
5, 449499709
List the prime factors of 6507572334.
2, 3, 29, 479, 78079
What are the prime factors of 37883965?
5, 7, 1082399
What are the prime factors of 412946143?
412946143
What are the prime factors of 69717624?
2, 3, 29, 100169
What are the prime factors of 6223193409?
3, 2074397803
What are the prime factors of 26540719?
26540719
List the prime factors of 49782781.
49782781
List the prime factors of 2516123130.
2, 3, 5, 83870771
What are the prime factors of 24199656?
2, 3, 13, 77563
List the prime factors of 795464581.
795464581
What are the prime factors of 325502063?
325502063
What are the prime factors of 1055387173?
1055387173
What are the prime factors of 679608000?
2, 3, 5, 9439
What are the prime factors of 5758131?
3, 1919377
List the prime factors of 1941892.
2, 257, 1889
What are the prime factors of 32837175?
3, 5, 7, 20849
List the prime factors of 727115661.
3, 80790629
What are the prime factors of 23058581?
7, 13, 23, 479
What are the prime factors of 59543778?
2, 3, 7, 211, 6719
What are the prime factors of 383461055?
5, 29, 479, 5521
What are the prime factors of 55633705?
5, 263, 42307
What are the prime factors of 142249177?
7, 59, 344429
List the prime factors of 102322776.
2, 3, 4263449
List the prime factors of 166755540.
2, 3, 5, 7, 397037
List the p